{"id":4848,"date":"2021-01-10T23:09:09","date_gmt":"2021-01-10T22:09:09","guid":{"rendered":"https:\/\/www.munduberriak.com\/?page_id=4848"},"modified":"2023-10-02T11:45:52","modified_gmt":"2023-10-02T09:45:52","slug":"politica-de-cookies","status":"publish","type":"page","link":"https:\/\/www.munduberriak.com\/eus\/politica-de-cookies\/","title":{"rendered":"Cookieen Politika"},"content":{"rendered":"<p>[et_pb_section fb_built=\u00bb1&#8243; admin_label=\u00bbPage Title Section\u00bb _builder_version=\u00bb4.7.3&#8243; background_color=\u00bb#2f2f2f\u00bb background_enable_color=\u00bbon\u00bb background_color_gradient_direction=\u00bb120deg\u00bb custom_padding=\u00bb0||50px||false|false\u00bb da_disable_devices=\u00bboff|off|off\u00bb global_colors_info=\u00bb{}\u00bb da_is_popup=\u00bboff\u00bb da_exit_intent=\u00bboff\u00bb da_has_close=\u00bbon\u00bb da_alt_close=\u00bboff\u00bb da_dark_close=\u00bboff\u00bb da_not_modal=\u00bbon\u00bb da_is_singular=\u00bboff\u00bb da_with_loader=\u00bboff\u00bb da_has_shadow=\u00bbon\u00bb][et_pb_row admin_label=\u00bbPage Title Area\u00bb _builder_version=\u00bb3.25&#8243; background_size=\u00bbinitial\u00bb background_position=\u00bbtop_left\u00bb background_repeat=\u00bbrepeat\u00bb custom_padding=\u00bb200px|0px|0|0px|false|false\u00bb global_colors_info=\u00bb{}\u00bb][et_pb_column type=\u00bb4_4&#8243; _builder_version=\u00bb3.25&#8243; custom_padding=\u00bb|||\u00bb global_colors_info=\u00bb{}\u00bb custom_padding__hover=\u00bb|||\u00bb][et_pb_text admin_label=\u00bbTitle\u00bb _builder_version=\u00bb4.7.3&#8243; text_font=\u00bb||||||||\u00bb header_font=\u00bbPoppins|600|||||||\u00bb header_text_color=\u00bb#ffffff\u00bb header_font_size=\u00bb40px\u00bb header_line_height=\u00bb1.2em\u00bb header_2_font=\u00bb||||||||\u00bb header_2_font_size=\u00bb60px\u00bb background_layout=\u00bbdark\u00bb custom_margin=\u00bb||20px|\u00bb custom_padding=\u00bb|||\u00bb animation_style=\u00bbfade\u00bb header_font_size_tablet=\u00bb\u00bb header_font_size_phone=\u00bb40px\u00bb header_font_size_last_edited=\u00bbon|phone\u00bb header_text_shadow_style=\u00bbpreset1&#8243; global_colors_info=\u00bb{}\u00bb]<\/p>\n<h1>Cookieen Politika<\/h1>\n<p>[\/et_pb_text][et_pb_text admin_label=\u00bbPage Subtitle\u00bb _builder_version=\u00bb3.27.4&#8243; text_font=\u00bbPoppins||||||||\u00bb text_line_height=\u00bb1.8em\u00bb header_font=\u00bb||||||||\u00bb background_layout=\u00bbdark\u00bb animation_style=\u00bbfade\u00bb global_colors_info=\u00bb{}\u00bb]<\/p>\n<h3>\u00a0<\/h3>\n<p>[\/et_pb_text][\/et_pb_column][\/et_pb_row][\/et_pb_section][et_pb_section fb_built=\u00bb1&#8243; admin_label=\u00bbFooter Section\u00bb _builder_version=\u00bb4.3.4&#8243; custom_margin=\u00bb||\u00bb custom_padding=\u00bb30px||50px||false|false\u00bb da_disable_devices=\u00bboff|off|off\u00bb global_colors_info=\u00bb{}\u00bb da_is_popup=\u00bboff\u00bb da_exit_intent=\u00bboff\u00bb da_has_close=\u00bbon\u00bb da_alt_close=\u00bboff\u00bb da_dark_close=\u00bboff\u00bb da_not_modal=\u00bbon\u00bb da_is_singular=\u00bboff\u00bb da_with_loader=\u00bboff\u00bb da_has_shadow=\u00bbon\u00bb][et_pb_row admin_label=\u00bbFooter Area\u00bb _builder_version=\u00bb4.4.7&#8243; custom_padding=\u00bb27px|0px|27px|0|false|false\u00bb global_colors_info=\u00bb{}\u00bb][et_pb_column type=\u00bb4_4&#8243; _builder_version=\u00bb3.25&#8243; custom_padding=\u00bb|||\u00bb global_colors_info=\u00bb{}\u00bb custom_padding__hover=\u00bb|||\u00bb][et_pb_text admin_label=\u00bbTitle\u00bb _builder_version=\u00bb4.7.3&#8243; text_font=\u00bb||||||||\u00bb text_text_color=\u00bb#2f2f2f\u00bb header_font=\u00bb||||||||\u00bb header_text_color=\u00bb#ffffff\u00bb header_2_font=\u00bbPoppins|600|||||||\u00bb header_2_text_align=\u00bbcenter\u00bb header_2_text_color=\u00bb#2f2f2f\u00bb header_2_font_size=\u00bb36px\u00bb header_2_line_height=\u00bb1.2em\u00bb header_3_font=\u00bbPoppins|600|||||||\u00bb header_3_text_align=\u00bbleft\u00bb header_3_text_color=\u00bb#2f2f2f\u00bb header_3_line_height=\u00bb2em\u00bb text_orientation=\u00bbjustified\u00bb background_layout=\u00bbdark\u00bb module_alignment=\u00bbcenter\u00bb custom_margin=\u00bb||0px|\u00bb animation_style=\u00bbfade\u00bb animation_direction=\u00bbleft\u00bb animation_starting_opacity=\u00bb100%\u00bb locked=\u00bboff\u00bb global_colors_info=\u00bb{}\u00bb]<\/p>\n<div class=\"fusion-text\">\n<p><strong>\u00bfQu\u00e9 es una Cookie?<\/strong><\/p>\n<p>Una Cookie es un peque\u00f1o fichero de texto que un sitio web coloca en su PC, tel\u00e9fono o cualquier otro dispositivo, con informaci\u00f3n sobre su navegaci\u00f3n en dicho sitio. Las Cookies son necesarias para facilitar la navegaci\u00f3n y hacerla m\u00e1s amigable.<\/p>\n<p>Si bien en la presente pol\u00edtica se utiliza el termino general de \u201cCookie\u201d, pues es el principal m\u00e9todo de almacenamiento de informaci\u00f3n que utiliza este sitio web, tambi\u00e9n es utilizado el espacio de \u201cAlmacenamiento local\u201d del navegador para los mismos prop\u00f3sitos que las Cookies. En este sentido, toda la informaci\u00f3n incluida en esta secci\u00f3n es aplicable igualmente a este \u201cAlmacenamiento local\u201d.<\/p>\n<p>&nbsp;<\/p>\n<p><strong>\u00bfPara qu\u00e9 se utilizan las Cookies en este sitio web?<\/strong><\/p>\n<p>Las Cookies son una parte esencial de c\u00f3mo funciona nuestro sitio web. El objetivo principal de nuestras Cookies es mejorar su experiencia en la navegaci\u00f3n. Por ejemplo, son utilizadas para recordar sus preferencias durante la navegaci\u00f3n y en futuras visitas.<\/p>\n<p>La informaci\u00f3n recogida en las Cookies nos permite, adem\u00e1s, mejorar la web mediante estimaciones sobre n\u00fameros y patrones de uso, la adaptaci\u00f3n del sitio web a los intereses individuales de los usuarios, la aceleraci\u00f3n de las b\u00fasquedas, etc.<\/p>\n<p>&nbsp;<\/p>\n<p><strong>\u00bfPara qu\u00e9 NO se utilizan las Cookies en esta web?<\/strong><\/p>\n<p>Nosotros no almacenamos informaci\u00f3n sensible de identificaci\u00f3n personal como su direcci\u00f3n, contrase\u00f1a, los datos de su tarjeta o d\u00e9bito, etc., en las Cookies que utilizamos.<\/p>\n<p>&nbsp;<\/p>\n<p><strong>\u00bfQui\u00e9n utiliza la informaci\u00f3n almacenada en las Cookies?<\/strong><\/p>\n<p>La informaci\u00f3n almacenada en las Cookies de nuestro sitio web es utilizada exclusivamente por nosotros, a excepci\u00f3n de aquellas identificadas m\u00e1s adelante como \u201cCookies de terceros\u201d, que son utilizadas y gestionadas por entidades externas para proporcionarnos servicios solicitados por nosotros para mejorar nuestros servicios y la experiencia del usuario al navegar en nuestro sitio web. Los principales servicios para los que se utilizan estas \u201cCookies de terceros\u201d son la obtenci\u00f3n de estad\u00edsticas de accesos y garantizar las operaciones de pago realizadas.<\/p>\n<p>&nbsp;<\/p>\n<p><strong>\u00bfC\u00f3mo puedo evitar el uso de Cookies en este sitio web?<\/strong><\/p>\n<p>Si usted prefiere evitar el uso de Cookies en esta p\u00e1gina teniendo en cuenta las limitaciones anteriores debe, en primer lugar, deshabilitar en su navegador el uso de Cookies y, en segundo lugar, eliminar las Cookies guardadas en su navegador asociadas a este sitio web.<\/p>\n<p>Esta posibilidad de evitar el uso de Cookies puede ser llevada a cabo por usted en cualquier momento.<\/p>\n<p>&nbsp;<\/p>\n<p><strong>\u00bfC\u00f3mo deshabilito y elimino la utilizaci\u00f3n de las Cookies?<\/strong><\/p>\n<p>Para restringir, bloquear o borrar las Cookies de este sitio web puede hacerlo, en cualquier momento, modificando la configuraci\u00f3n de su navegador conforme a las pautas que se indican a continuaci\u00f3n. Si bien la parametrizaci\u00f3n de cada navegador es diferente, es habitual que la configuraci\u00f3n de las Cookies se realice en el men\u00fa de \u201cPreferencias\u201d o \u201cHerramientas\u201d. Para m\u00e1s detalle sobre la configuraci\u00f3n de las Cookies en su navegador, consulte el men\u00fa \u201cAyuda\u201d del mismo.<\/p>\n<p>&nbsp;<\/p>\n<p><strong>\u00bfQu\u00e9 Cookies concretas utiliza este sitio web y para qu\u00e9 finalidades?<\/strong><\/p>\n<p>A continuaci\u00f3n, se incluye un cuadro con las Cookies, tags u otros dispositivos similares utilizados por este sitio web, junto con la descripci\u00f3n y ejemplo de uso de las mismas:<\/p>\n<p>&nbsp;<\/p>\n<\/div>\n<div class=\"table-2\">\n<table width=\"100%\">\n<thead>\n<tr>\n<th align=\"center\">Tipo de Cookie<\/th>\n<th align=\"center\">Deskribapena<\/th>\n<th align=\"center\">Ejemplo de uso<\/th>\n<\/tr>\n<\/thead>\n<tbody>\n<tr>\n<td align=\"left\"><strong>De rendimiento<br \/><\/strong><\/td>\n<td align=\"left\">\n<p>Estas cookies se utilizan para mejorar tu experiencia de navegaci\u00f3n y optimizar el funcionamiento de nuestros sitios web.<\/p>\n<p>&nbsp;<\/p>\n<p>Almacenan configuraciones de servicios para que no tengas que reconfigurarlos cada vez que nos visitas.<\/p>\n<\/td>\n<td align=\"left\">\n<ul>\n<li>Ajustes de volumen de reproductores de video y sonido.<\/li>\n<li>Velocidades de trasmisi\u00f3n de videos \u00f3ptimas.<\/li>\n<li>Almacena la compra realizada en un \u201ccarrito de la compra\u201d en los servicios E-commerce.<\/li>\n<\/ul>\n<\/td>\n<\/tr>\n<tr>\n<td align=\"left\"><strong>De Geolocalizaci\u00f3n<br \/><\/strong><\/td>\n<td align=\"left\">Estas cookies se utilizan para almacenar datos de geolocalizacion del ordenador o dispositivos para ofrecerte contenidos y servicios m\u00e1s adecuados.<\/td>\n<td align=\"left\">Contenidos ajustados al pa\u00eds, ciudad, idioma, etc.<\/td>\n<\/tr>\n<tr>\n<td align=\"left\"><strong>De Registro<br \/><\/strong><\/td>\n<td align=\"left\">Las cookies de registro se crean al registrarte o cuando inicias sesi\u00f3n en uno de nuestros portales web.<\/td>\n<td align=\"left\">\n<ul>\n<li>Puedes mantenerte autenticado aunque cierres el navegador, as\u00ed cuando vuelvas seguir\u00e1s identificado a menos que te desconectes o cierres la sesi\u00f3n.<\/li>\n<li>Para acceder a ciertas zonas de nuestros portales web, por ejemplo para participar en un concurso.<\/li>\n<\/ul>\n<\/td>\n<\/tr>\n<tr>\n<td align=\"left\"><strong>Anal\u00edticas<\/strong><\/td>\n<td align=\"left\">Estas cookies recopilan informaci\u00f3n de tu experiencia de navegaci\u00f3n en nuestros portales web de forma totalmente an\u00f3nima<\/td>\n<td align=\"left\">\n<ul>\n<li>Podemos contabilizar el n\u00famero de visitantes<\/li>\n<li>Podemos saber si el usuario repite visita<\/li>\n<li>Esta informaci\u00f3n puede ayudarnos\u00a0 a mejorar la navegaci\u00f3n y mejorar el servicio<\/li>\n<\/ul>\n<\/td>\n<\/tr>\n<tr>\n<td align=\"left\"><strong>De Publicidad<br \/><\/strong><\/td>\n<td align=\"left\">Estas cookies recogen informaci\u00f3n sobre los anuncios mostrados a cada usuario an\u00f3nimo en los portales web<\/td>\n<td align=\"left\">\n<ul>\n<li>Adaptar la publicidad al tipo de dispositivo desde el que el usuario se est\u00e1 conectando.<\/li>\n<li>Proporcionar anuncios gestionados a trav\u00e9s de terceros que son mostrados en la p\u00e1gina en tiempo real<\/li>\n<\/ul>\n<\/td>\n<\/tr>\n<\/tbody>\n<\/table>\n<\/div>\n<p>[\/et_pb_text][\/et_pb_column][\/et_pb_row][\/et_pb_section][et_pb_section fb_built=\u00bb1&#8243; admin_label=\u00bbFooter Section\u00bb _builder_version=\u00bb4.14.2&#8243; background_color=\u00bb#2F2F2F\u00bb background_enable_color=\u00bbon\u00bb width=\u00bb100%\u00bb max_width=\u00bb100%\u00bb module_alignment=\u00bbcenter\u00bb custom_padding=\u00bb0px||0px||false|false\u00bb da_disable_devices=\u00bboff|off|off\u00bb global_module=\u00bb5267&#8243; saved_tabs=\u00bball\u00bb locked=\u00bboff\u00bb global_colors_info=\u00bb{}\u00bb da_is_popup=\u00bboff\u00bb da_exit_intent=\u00bboff\u00bb da_has_close=\u00bbon\u00bb da_alt_close=\u00bboff\u00bb da_dark_close=\u00bboff\u00bb da_not_modal=\u00bbon\u00bb da_is_singular=\u00bboff\u00bb da_with_loader=\u00bboff\u00bb da_has_shadow=\u00bbon\u00bb][et_pb_row column_structure=\u00bb1_4,1_2,1_4&#8243; use_custom_gutter=\u00bbon\u00bb gutter_width=\u00bb2&#8243; make_equal=\u00bbon\u00bb admin_label=\u00bbFooter Area\u00bb _builder_version=\u00bb4.7.3&#8243; background_enable_color=\u00bboff\u00bb width=\u00bb60%\u00bb module_alignment=\u00bbcenter\u00bb custom_margin=\u00bb0px|0px|0px|0px|false|false\u00bb custom_padding=\u00bb5px|5px|5px|5px|false|false\u00bb global_colors_info=\u00bb{}\u00bb][et_pb_column type=\u00bb1_4&#8243; _builder_version=\u00bb4.6.6&#8243; background_color=\u00bbrgba(0,0,0,0)\u00bb custom_padding=\u00bb||||false|false\u00bb global_colors_info=\u00bb{}\u00bb custom_padding__hover=\u00bb|||\u00bb][et_pb_text admin_label=\u00bbMundu Berriak en:\u00bb _builder_version=\u00bb4.6.6&#8243; text_font=\u00bbPoppins|600|||||||\u00bb text_text_color=\u00bb#ffffff\u00bb text_font_size=\u00bb15px\u00bb text_line_height=\u00bb1em\u00bb text_orientation=\u00bbcenter\u00bb module_alignment=\u00bbcenter\u00bb custom_margin=\u00bb||||false|false\u00bb custom_padding=\u00bb20px|20px|20px|20px|true|true\u00bb global_colors_info=\u00bb{}\u00bb]<\/p>\n<p>Kontaktua:<\/p>\n<p>[\/et_pb_text][et_pb_blurb title=\u00bb(+34) 644 653 315&#8243; use_icon=\u00bbon\u00bb font_icon=\u00bb&#xe090;||divi||400&#8243; admin_label=\u00bbEmail\u00bb _builder_version=\u00bb4.14.2&#8243; global_colors_info=\u00bb{}\u00bb][\/et_pb_blurb][et_pb_blurb title=\u00bbinfo@munduberriak.com\u00bb use_icon=\u00bbon\u00bb font_icon=\u00bb&#xe076;||divi||400&#8243; admin_label=\u00bbEmail\u00bb _builder_version=\u00bb4.13.0&#8243; global_colors_info=\u00bb{}\u00bb][\/et_pb_blurb][et_pb_blurb title=\u00bbBilbo\u00bb use_icon=\u00bbon\u00bb font_icon=\u00bb&#xe081;||divi||400&#8243; admin_label=\u00bbEmail\u00bb _builder_version=\u00bb4.14.2&#8243; global_colors_info=\u00bb{}\u00bb][\/et_pb_blurb][et_pb_blurb title=\u00bb\u00bfQuienes somos?\u00bb url=\u00bbhttps:\/\/www.munduberriak.com\/quienes-somos\/\u00bb use_icon=\u00bbon\u00bb font_icon=\u00bb&#xe08b;||divi||400&#8243; admin_label=\u00bbEmail\u00bb _builder_version=\u00bb4.13.0&#8243; link_option_url=\u00bbhttps:\/\/www.munduberriak.com\/quienes-somos\/\u00bb global_colors_info=\u00bb{}\u00bb][\/et_pb_blurb][\/et_pb_column][et_pb_column type=\u00bb1_2&#8243; _builder_version=\u00bb3.25&#8243; custom_padding=\u00bb|||\u00bb global_colors_info=\u00bb{}\u00bb custom_padding__hover=\u00bb|||\u00bb][et_pb_image src=\u00bbhttps:\/\/www.munduberriak.com\/wp-content\/uploads\/2020\/11\/MB.png\u00bb title_text=\u00bbMB\u00bb url=\u00bbhttps:\/\/www.munduberriak.com\/\u00bb align=\u00bbcenter\u00bb _builder_version=\u00bb4.7.3&#8243; _module_preset=\u00bbdefault\u00bb width=\u00bb80%\u00bb custom_padding=\u00bb10px|10px|0px|10px|false|false\u00bb global_colors_info=\u00bb{}\u00bb][\/et_pb_image][et_pb_text admin_label=\u00bbMundu Berriak en:\u00bb _builder_version=\u00bb4.6.6&#8243; text_font=\u00bbPoppins|600|||||||\u00bb text_text_color=\u00bb#ffffff\u00bb text_font_size=\u00bb15px\u00bb text_line_height=\u00bb1em\u00bb text_orientation=\u00bbcenter\u00bb module_alignment=\u00bbcenter\u00bb custom_margin=\u00bb0px||0px||false|false\u00bb custom_padding=\u00bb5px|0px|5px|0px|true|true\u00bb global_colors_info=\u00bb{}\u00bb]<\/p>\n<p>Mundu Berriak sarean:<\/p>\n<p>[\/et_pb_text][et_pb_social_media_follow _builder_version=\u00bb4.7.3&#8243; z_index=\u00bb0&#8243; text_orientation=\u00bbcenter\u00bb custom_padding=\u00bb5px|5px|5px|5px|false|false\u00bb motion_trigger_start=\u00bbtop\u00bb global_colors_info=\u00bb{}\u00bb][et_pb_social_media_follow_network social_network=\u00bbfacebook\u00bb url=\u00bbhttps:\/\/www.facebook.com\/munduberriak\/?ref=bookmarks\u00bb use_icon_font_size=\u00bbon\u00bb icon_font_size=\u00bb8px\u00bb _builder_version=\u00bb4.7.3&#8243; background_color=\u00bb#0c71c3&#8243; custom_margin=\u00bb||||false|false\u00bb custom_padding=\u00bb10px|10px|10px|10px|false|false\u00bb border_radii=\u00bbon|100px|100px|100px|100px\u00bb global_colors_info=\u00bb{}\u00bb follow_button=\u00bboff\u00bb url_new_window=\u00bbon\u00bb]facebook[\/et_pb_social_media_follow_network][et_pb_social_media_follow_network social_network=\u00bbtwitter\u00bb url=\u00bbhttps:\/\/twitter.com\/MunduBerriak\u00bb use_icon_font_size=\u00bbon\u00bb icon_font_size=\u00bb8px\u00bb _builder_version=\u00bb4.7.3&#8243; background_color=\u00bb#00d0dd\u00bb custom_margin=\u00bb||||false|false\u00bb custom_padding=\u00bb10px|10px|10px|10px|false|false\u00bb border_radii=\u00bbon|100px|100px|100px|100px\u00bb global_colors_info=\u00bb{}\u00bb follow_button=\u00bboff\u00bb url_new_window=\u00bbon\u00bb]twitter[\/et_pb_social_media_follow_network][et_pb_social_media_follow_network social_network=\u00bbinstagram\u00bb url=\u00bbhttps:\/\/www.instagram.com\/munduberriak\/?hl=es\u00bb use_icon_font_size=\u00bbon\u00bb icon_font_size=\u00bb8px\u00bb _builder_version=\u00bb4.7.3&#8243; background_color=\u00bb#ea2c59&#8243; background_enable_color=\u00bbon\u00bb custom_margin=\u00bb||||false|false\u00bb custom_padding=\u00bb10px|10px|10px|10px|false|false\u00bb border_radii=\u00bbon|100px|100px|100px|100px\u00bb global_colors_info=\u00bb{}\u00bb follow_button=\u00bboff\u00bb url_new_window=\u00bbon\u00bb]instagram[\/et_pb_social_media_follow_network][et_pb_social_media_follow_network social_network=\u00bbyoutube\u00bb url=\u00bbhttps:\/\/www.youtube.com\/channel\/UCWYYyBQFmCB7HBE4lPo6P0Q\u00bb use_icon_font_size=\u00bbon\u00bb icon_font_size=\u00bb8px\u00bb _builder_version=\u00bb4.7.3&#8243; background_color=\u00bb#e02b20&#8243; custom_margin=\u00bb||||false|false\u00bb custom_padding=\u00bb10px|10px|10px|10px|false|false\u00bb border_radii=\u00bbon|100px|100px|100px|100px\u00bb global_colors_info=\u00bb{}\u00bb follow_button=\u00bboff\u00bb url_new_window=\u00bbon\u00bb]youtube[\/et_pb_social_media_follow_network][et_pb_social_media_follow_network social_network=\u00bblinkedin\u00bb url=\u00bbhttps:\/\/www.linkedin.com\/in\/mundu-berriak-ongd-sexol%C3%B3gica-2651991a3\/\u00bb use_icon_font_size=\u00bbon\u00bb icon_font_size=\u00bb8px\u00bb _builder_version=\u00bb4.7.3&#8243; background_color=\u00bb#007bb6&#8243; custom_margin=\u00bb||||false|false\u00bb custom_padding=\u00bb10px|10px|10px|10px|false|false\u00bb border_radii=\u00bbon|90px|90px|90px|90px\u00bb global_colors_info=\u00bb{}\u00bb follow_button=\u00bboff\u00bb url_new_window=\u00bbon\u00bb]linkedin[\/et_pb_social_media_follow_network][\/et_pb_social_media_follow][\/et_pb_column][et_pb_column type=\u00bb1_4&#8243; _builder_version=\u00bb3.25&#8243; custom_padding=\u00bb|||\u00bb global_colors_info=\u00bb{}\u00bb custom_padding__hover=\u00bb|||\u00bb][et_pb_text admin_label=\u00bbMundu Berriak en:\u00bb _builder_version=\u00bb4.6.6&#8243; text_font=\u00bbPoppins|600|||||||\u00bb text_text_color=\u00bb#ffffff\u00bb text_font_size=\u00bb15px\u00bb text_line_height=\u00bb1em\u00bb text_orientation=\u00bbcenter\u00bb module_alignment=\u00bbcenter\u00bb custom_margin=\u00bb||||false|false\u00bb custom_padding=\u00bb20px|20px|20px|20px|true|true\u00bb global_colors_info=\u00bb{}\u00bb]<\/p>\n<p>Beste esteka batzuk:<\/p>\n<p>[\/et_pb_text][et_pb_blurb title=\u00bbEscuela Internacional de Empoderamiento Sexual\u00bb url=\u00bbhttps:\/\/www.munduberriak.com\/escuela-internacional-de-empoderamiento-sexual\/\u00bb use_icon=\u00bbon\u00bb font_icon=\u00bb&#xe0db;||divi||400&#8243; admin_label=\u00bbEmail\u00bb _builder_version=\u00bb4.14.2&#8243; link_option_url=\u00bbhttps:\/\/www.munduberriak.com\/escuela-internacional-de-empoderamiento-sexual\/\u00bb global_colors_info=\u00bb{}\u00bb][\/et_pb_blurb][et_pb_blurb title=\u00bbMindfulness\u00bb url=\u00bbhttps:\/\/www.munduberriak.com\/mindfulness-e-i-e\/\u00bb use_icon=\u00bbon\u00bb font_icon=\u00bb&#xe033;||divi||400&#8243; admin_label=\u00bbEmail\u00bb _builder_version=\u00bb4.13.0&#8243; link_option_url=\u00bbhttps:\/\/www.munduberriak.com\/mindfulness-e-i-e\/\u00bb global_colors_info=\u00bb{}\u00bb][\/et_pb_blurb][et_pb_blurb title=\u00bbPsicoterapia y Sexoterapia\u00bb url=\u00bbhttps:\/\/www.munduberriak.com\/asesoramiento-y-terapia\/\u00bb use_icon=\u00bbon\u00bb font_icon=\u00bb&#xe066;||divi||400&#8243; admin_label=\u00bbEmail\u00bb _builder_version=\u00bb4.13.0&#8243; link_option_url=\u00bbhttps:\/\/www.munduberriak.com\/asesoramiento-y-terapia\/\u00bb global_colors_info=\u00bb{}\u00bb][\/et_pb_blurb][et_pb_blurb title=\u00bbEducaci\u00f3n\u00bb url=\u00bbhttps:\/\/www.munduberriak.com\/educacion\/\u00bb use_icon=\u00bbon\u00bb font_icon=\u00bb&#xe0f9;||divi||400&#8243; admin_label=\u00bbEmail\u00bb _builder_version=\u00bb4.14.2&#8243; link_option_url=\u00bbhttps:\/\/www.munduberriak.com\/educacion\/\u00bb global_colors_info=\u00bb{}\u00bb][\/et_pb_blurb][et_pb_sidebar area=\u00bbsidebar-4&#8243; _builder_version=\u00bb4.6.6&#8243; _module_preset=\u00bbdefault\u00bb body_text_color=\u00bb#2f2f2f\u00bb body_font_size=\u00bb15px\u00bb global_colors_info=\u00bb{}\u00bb][\/et_pb_sidebar][\/et_pb_column][\/et_pb_row][\/et_pb_section]<\/p>","protected":false},"excerpt":{"rendered":"<p>Pol\u00edtica de Cookies\u00a0 \u00bfQu\u00e9 es una Cookie? Una Cookie es un peque\u00f1o fichero de texto que un sitio web coloca en su PC, tel\u00e9fono o cualquier otro dispositivo, con informaci\u00f3n sobre su navegaci\u00f3n en dicho sitio. Las Cookies son necesarias para facilitar la navegaci\u00f3n y hacerla m\u00e1s amigable. Si bien en la presente pol\u00edtica se [&hellip;]<\/p>","protected":false},"author":1,"featured_media":0,"parent":0,"menu_order":0,"comment_status":"closed","ping_status":"closed","template":"","meta":{"_et_pb_use_builder":"on","_et_pb_old_content":"","_et_gb_content_width":"","footnotes":""},"class_list":["post-4848","page","type-page","status-publish","hentry"],"_links":{"self":[{"href":"https:\/\/www.munduberriak.com\/eus\/wp-json\/wp\/v2\/pages\/4848"}],"collection":[{"href":"https:\/\/www.munduberriak.com\/eus\/wp-json\/wp\/v2\/pages"}],"about":[{"href":"https:\/\/www.munduberriak.com\/eus\/wp-json\/wp\/v2\/types\/page"}],"author":[{"embeddable":true,"href":"https:\/\/www.munduberriak.com\/eus\/wp-json\/wp\/v2\/users\/1"}],"replies":[{"embeddable":true,"href":"https:\/\/www.munduberriak.com\/eus\/wp-json\/wp\/v2\/comments?post=4848"}],"version-history":[{"count":2,"href":"https:\/\/www.munduberriak.com\/eus\/wp-json\/wp\/v2\/pages\/4848\/revisions"}],"predecessor-version":[{"id":10395,"href":"https:\/\/www.munduberriak.com\/eus\/wp-json\/wp\/v2\/pages\/4848\/revisions\/10395"}],"wp:attachment":[{"href":"https:\/\/www.munduberriak.com\/eus\/wp-json\/wp\/v2\/media?parent=4848"}],"curies":[{"name":"wp","href":"https:\/\/api.w.org\/{rel}","templated":true}]}}